{"id":923,"date":"2026-03-17T00:37:59","date_gmt":"2026-03-16T23:37:59","guid":{"rendered":"https:\/\/associationlapangee.org\/?page_id=923"},"modified":"2026-03-18T16:42:05","modified_gmt":"2026-03-18T15:42:05","slug":"projets-europeens","status":"publish","type":"page","link":"https:\/\/associationlapangee.org\/index.php\/projets-europeens\/","title":{"rendered":"Projets europ\u00e9ens"},"content":{"rendered":"\n<p>La Pang\u00e9e d\u00e9veloppe plusieurs initiatives en partenariat avec des organisations locales, nationales et europ\u00e9ennes pour construire une soci\u00e9t\u00e9 plus ouverte, inclusive et cr\u00e9ative. Les projets europ\u00e9ens et internationaux sont une mani\u00e8re concr\u00e8te de faire dialoguer des territoires, partager des pratiques et permettre \u00e0 des jeunes, des artistes, des associations ou des habitant\u00b7es de vivre des exp\u00e9riences interculturelles. <\/p>\n\n\n\n<h2 class=\"wp-block-heading\">Un r\u00e9seau de partenaires engag\u00e9s<\/h2>\n\n\n\n<p>Nos projets se construisent toujours en coop\u00e9ration avec des structures du territoire : associations, lieux culturels, collectivit\u00e9s, entreprises de l&rsquo;ESS ou structures m\u00e9dico-sociales.<\/p>\n\n\n\n<p>Notre vision est claire : la Pang\u00e9e est avant tout une structure locale qui agit pour le d\u00e9veloppement de la r\u00e9gion Nouvelle-Aquitaine. La conception, le pilotage et le d\u00e9veloppement de projets transnationaux visent \u00e0 coordonner et mettre en r\u00e9seau un tissu local en demande. Ces projets permettent de favoriser les mobilit\u00e9s de nos partenaires, de partager des m\u00e9thodes d&rsquo;\u00e9ducation populaire, de d\u00e9velopper des coop\u00e9rations artistiques et culturelles, de renforcer les dynamiques associatives locales et d&rsquo;ouvrir le territoire \u00e0 de nouvelles perspectives.<\/p>\n\n\n\n<h2 class=\"wp-block-heading\">Programme et partenariats actuels<\/h2>\n\n\n\n<p>Nous travaillons actuellement avec plusieurs partenaires europ\u00e9ens sur diff\u00e9rents dispositifs. Nous portons notamment le projet FLOW avec notre partenaire <a rel=\"noreferrer noopener\" href=\"https:\/\/clash.berlin\/\" data-type=\"URL\" data-id=\"https:\/\/clash.berlin\/\" target=\"_blank\">Clash!<\/a> . Il s&rsquo;agit d&rsquo;un programme de mobilit\u00e9 franco-allemand qui rassemble des jeunes autour d&rsquo;un projet artistique et interculturel.<\/p>\n\n\n\n<figure class=\"wp-block-image size-large\"><img decoding=\"async\" loading=\"lazy\" width=\"724\" height=\"1024\" src=\"https:\/\/associationlapangee.org\/wp-content\/uploads\/2026\/03\/FLOW-Poster-724x1024.png\" alt=\"\" class=\"wp-image-940\" srcset=\"https:\/\/associationlapangee.org\/wp-content\/uploads\/2026\/03\/FLOW-Poster-724x1024.png 724w, https:\/\/associationlapangee.org\/wp-content\/uploads\/2026\/03\/FLOW-Poster-212x300.png 212w, https:\/\/associationlapangee.org\/wp-content\/uploads\/2026\/03\/FLOW-Poster-768x1086.png 768w, https:\/\/associationlapangee.org\/wp-content\/uploads\/2026\/03\/FLOW-Poster-1086x1536.png 1086w, https:\/\/associationlapangee.org\/wp-content\/uploads\/2026\/03\/FLOW-Poster-1448x2048.png 1448w, https:\/\/associationlapangee.org\/wp-content\/uploads\/2026\/03\/FLOW-Poster.png 1587w\" sizes=\"(max-width: 724px) 100vw, 724px\" \/><\/figure>\n\n\n\n<p>Pendant deux semaines, 16 participant\u00b7es de 18 \u00e0 30 ans (8 r\u00e9sident\u00b7es en Allemagne et 8 en France) se retrouveront pour cr\u00e9er ensemble un spectacle autour de la th\u00e9matique de l&rsquo;eau, explorer leurs cultures respectives et vivre une exp\u00e9rience collective internationale. <\/p>\n\n\n\n<p>Ce projet est soutenu pour l&rsquo;OFAJ (Office Franco-Allemand de la Jeunesse) et vise \u00e0 encourager les rencontres entre jeunes europ\u00e9ens \u00e0 travers la cr\u00e9ation artistique et l&rsquo;\u00e9ducation populaire.<\/p>\n\n\n\n<p>Le projet FLOW se d\u00e9roule en deux phases :<\/p>\n\n\n\n<ul>\n<li>Une semaine \u00e0 Berlin et \u00e0 Potsdam du dimanche 17 au dimanche 24 mai 2026<\/li>\n\n\n\n<li>Une semaine \u00e0 Bordeaux du dimanche 18 au dimanche 25 octobre 2026<\/li>\n<\/ul>\n\n\n\n<p>Tout au long du projet, les participants seront accompagn\u00e9s par des artistes, animateur\u00b7ices et facilitateur\u00b7ices qui guideront le processus de cr\u00e9ation.<\/p>\n\n\n\n<p><strong>Qui peut participer ? Le projet est ouvert aux jeunes de 18 \u00e0 30 ans :<\/strong><\/p>\n\n\n\n<ul>\n<li>Vivant en France ou en Allemagne<\/li>\n\n\n\n<li>Int\u00e9ress\u00e9s par l&rsquo;art, la culture, l&rsquo;\u00e9cologie ou l&rsquo;engagement citoyen<\/li>\n\n\n\n<li>Ayant envie de vivre une exp\u00e9rience collective interculturelle<\/li>\n<\/ul>\n\n\n\n<p>Une exp\u00e9rience artistique pr\u00e9alable est un atout, mais n&rsquo;est pas indispensable. La motivation, la curiosit\u00e9 et l&rsquo;envie de participer sont les \u00e9l\u00e9ments les plus importants. Un niveau d\u00e9butant d&rsquo;allemand ou de fran\u00e7ais est requis, toute autre langue est un plus.<\/p>\n\n\n\n<p><strong>Conditions de participation :<\/strong><\/p>\n\n\n\n<ul>\n<li><a href=\"https:\/\/docs.google.com\/forms\/d\/1U6ZK3iMJXRFig9azHh4VtuPCK487BiD0yDOk2WmJZTk\/edit\" data-type=\"URL\" data-id=\"https:\/\/docs.google.com\/forms\/d\/1U6ZK3iMJXRFig9azHh4VtuPCK487BiD0yDOk2WmJZTk\/edit\" target=\"_blank\" rel=\"noreferrer noopener\">Remplir le formulaire d&rsquo;inscription<\/a><\/li>\n\n\n\n<li>Participer aux deux semaines compl\u00e8tes du projet (phase 1 en Allemagne et phase 2 en France).<\/li>\n\n\n\n<li>\u00catre disponible sur l&rsquo;ensemble des dates des deux phases.<\/li>\n\n\n\n<li>\u00catre pr\u00eat \u00e0 participer activement aux ateliers et \u00e0 la vie collective.<\/li>\n\n\n\n<li>R\u00e9gler la participation financi\u00e8re : trois tarifs sont propos\u00e9s selon les moyens des participant\u00b7es (150\u20ac > 180\u20ac > 210\u20ac). Cette somme inclut le trajet, l&rsquo;h\u00e9bergement, les activit\u00e9s et la nourriture pour une seule phase. Le paiement de la phase 2 sera au m\u00eame tarif et se fera apr\u00e8s la phase 1. <\/li>\n<\/ul>\n\n\n\n<p><strong>Pourquoi participer ?<\/strong><\/p>\n\n\n\n<p>FLOW est une occasion de :<\/p>\n\n\n\n<ul>\n<li>Vivre une exp\u00e9rience interculturelle et artistique.<\/li>\n\n\n\n<li>Rencontrer des jeunes venus d&rsquo;autres horizons.<\/li>\n\n\n\n<li>D\u00e9couvrir de nouvelles pratiques et m\u00e9thodes d&rsquo;\u00e9ducation populaire.<\/li>\n\n\n\n<li>Approfondir ses r\u00e9flexions sur les enjeux li\u00e9s \u00e0 l&rsquo;eau et \u00e0 l&rsquo;environnement.<\/li>\n<\/ul>\n\n\n\n<p>Vous trouverez plus d&rsquo;informations sur la phase 1 sur <a href=\"https:\/\/clash.berlin\/uncategorized\/flow-2\/\" target=\"_blank\" rel=\"noreferrer noopener\">le site internet de notre partenaire Clash!<\/a>.<\/p>\n\n\n\n<div class=\"wp-block-buttons is-content-justification-center is-layout-flex wp-container-1\">\n<div class=\"wp-block-button\"><a class=\"wp-block-button__link has-text-align-center wp-element-button\" href=\"https:\/\/docs.google.com\/forms\/d\/1U6ZK3iMJXRFig9azHh4VtuPCK487BiD0yDOk2WmJZTk\/edit\" target=\"_blank\" rel=\"noreferrer noopener\">CLIQUEZ ICI POUR REMPLIR LE FORMULAIRE D&rsquo;INSCRPITION<\/a><\/div>\n<\/div>\n\n\n\n<h2 class=\"wp-block-heading\">Collaborer avec nous<\/h2>\n\n\n\n<p>A travers ces projets, la Pang\u00e9e souhaite soutenir la mobilit\u00e9 et l&rsquo;engagement des citoyens europ\u00e9ens en valorisant les r\u00e9cits, les langues et les identit\u00e9s multiples. Notre association \u0153uvre \u00e0 relier les initiatives locales \u00e0 des dynamiques europ\u00e9ennes, nous sommes toujours ouverts \u00e0 de nouvelles coop\u00e9rations alors n&rsquo;h\u00e9sitez pas et contactez-nous !<\/p>\n","protected":false},"excerpt":{"rendered":"<p>La Pang\u00e9e d\u00e9veloppe plusieurs initiatives en partenariat avec des organisations locales, nationales et europ\u00e9ennes pour construire une soci\u00e9t\u00e9 plus ouverte, inclusive et cr\u00e9ative. Les projets europ\u00e9ens et internationaux sont une mani\u00e8re concr\u00e8te de faire dialoguer des territoires, partager des pratiques et permettre \u00e0 des jeunes, des artistes, des associations ou des habitant\u00b7es de vivre des [&hellip;]<\/p>\n","protected":false},"author":1,"featured_media":0,"parent":0,"menu_order":0,"comment_status":"closed","ping_status":"closed","template":"","meta":[],"_links":{"self":[{"href":"https:\/\/associationlapangee.org\/index.php\/wp-json\/wp\/v2\/pages\/923"}],"collection":[{"href":"https:\/\/associationlapangee.org\/index.php\/wp-json\/wp\/v2\/pages"}],"about":[{"href":"https:\/\/associationlapangee.org\/index.php\/wp-json\/wp\/v2\/types\/page"}],"author":[{"embeddable":true,"href":"https:\/\/associationlapangee.org\/index.php\/wp-json\/wp\/v2\/users\/1"}],"replies":[{"embeddable":true,"href":"https:\/\/associationlapangee.org\/index.php\/wp-json\/wp\/v2\/comments?post=923"}],"version-history":[{"count":7,"href":"https:\/\/associationlapangee.org\/index.php\/wp-json\/wp\/v2\/pages\/923\/revisions"}],"predecessor-version":[{"id":941,"href":"https:\/\/associationlapangee.org\/index.php\/wp-json\/wp\/v2\/pages\/923\/revisions\/941"}],"wp:attachment":[{"href":"https:\/\/associationlapangee.org\/index.php\/wp-json\/wp\/v2\/media?parent=923"}],"curies":[{"name":"wp","href":"https:\/\/api.w.org\/{rel}","templated":true}]}}

Projets européens

<p>La Pangée développe plusieurs initiatives en partenariat avec des organisations locales, nationales et européennes pour construire une société plus ouverte, inclusive et créative. Les projets européens et internationaux sont une manière concrète de faire dialoguer des territoires, partager des pratiques et permettre à des jeunes, des artistes, des associations ou des habitant·es de vivre des expériences interculturelles. </p>



<h2 class="wp-block-heading">Un réseau de partenaires engagés</h2>



<p>Nos projets se construisent toujours en coopération avec des structures du territoire : associations, lieux culturels, collectivités, entreprises de l&rsquo;ESS ou structures médico-sociales.</p>



<p>Notre vision est claire : la Pangée est avant tout une structure locale qui agit pour le développement de la région Nouvelle-Aquitaine. La conception, le pilotage et le développement de projets transnationaux visent à coordonner et mettre en réseau un tissu local en demande. Ces projets permettent de favoriser les mobilités de nos partenaires, de partager des méthodes d&rsquo;éducation populaire, de développer des coopérations artistiques et culturelles, de renforcer les dynamiques associatives locales et d&rsquo;ouvrir le territoire à de nouvelles perspectives.</p>



<h2 class="wp-block-heading">Programme et partenariats actuels</h2>



<p>Nous travaillons actuellement avec plusieurs partenaires européens sur différents dispositifs. Nous portons notamment le projet FLOW avec notre partenaire <a rel="noreferrer noopener" href="https://clash.berlin/" data-type="URL" data-id="https://clash.berlin/" target="_blank">Clash!</a> . Il s&rsquo;agit d&rsquo;un programme de mobilité franco-allemand qui rassemble des jeunes autour d&rsquo;un projet artistique et interculturel.</p>



<figure class="wp-block-image size-large"><img decoding="async" loading="lazy" width="724" height="1024" src="https://associationlapangee.org/wp-content/uploads/2026/03/FLOW-Poster-724x1024.png" alt="" class="wp-image-940" srcset="https://associationlapangee.org/wp-content/uploads/2026/03/FLOW-Poster-724x1024.png 724w, https://associationlapangee.org/wp-content/uploads/2026/03/FLOW-Poster-212x300.png 212w, https://associationlapangee.org/wp-content/uploads/2026/03/FLOW-Poster-768x1086.png 768w, https://associationlapangee.org/wp-content/uploads/2026/03/FLOW-Poster-1086x1536.png 1086w, https://associationlapangee.org/wp-content/uploads/2026/03/FLOW-Poster-1448x2048.png 1448w, https://associationlapangee.org/wp-content/uploads/2026/03/FLOW-Poster.png 1587w" sizes="(max-width: 724px) 100vw, 724px" /></figure>



<p>Pendant deux semaines, 16 participant·es de 18 à 30 ans (8 résident·es en Allemagne et 8 en France) se retrouveront pour créer ensemble un spectacle autour de la thématique de l&rsquo;eau, explorer leurs cultures respectives et vivre une expérience collective internationale. </p>



<p>Ce projet est soutenu pour l&rsquo;OFAJ (Office Franco-Allemand de la Jeunesse) et vise à encourager les rencontres entre jeunes européens à travers la création artistique et l&rsquo;éducation populaire.</p>



<p>Le projet FLOW se déroule en deux phases :</p>



<ul>
<li>Une semaine à Berlin et à Potsdam du dimanche 17 au dimanche 24 mai 2026</li>



<li>Une semaine à Bordeaux du dimanche 18 au dimanche 25 octobre 2026</li>
</ul>



<p>Tout au long du projet, les participants seront accompagnés par des artistes, animateur·ices et facilitateur·ices qui guideront le processus de création.</p>



<p><strong>Qui peut participer ? Le projet est ouvert aux jeunes de 18 à 30 ans :</strong></p>



<ul>
<li>Vivant en France ou en Allemagne</li>



<li>Intéressés par l&rsquo;art, la culture, l&rsquo;écologie ou l&rsquo;engagement citoyen</li>



<li>Ayant envie de vivre une expérience collective interculturelle</li>
</ul>



<p>Une expérience artistique préalable est un atout, mais n&rsquo;est pas indispensable. La motivation, la curiosité et l&rsquo;envie de participer sont les éléments les plus importants. Un niveau débutant d&rsquo;allemand ou de français est requis, toute autre langue est un plus.</p>



<p><strong>Conditions de participation :</strong></p>



<ul>
<li><a href="https://docs.google.com/forms/d/1U6ZK3iMJXRFig9azHh4VtuPCK487BiD0yDOk2WmJZTk/edit" data-type="URL" data-id="https://docs.google.com/forms/d/1U6ZK3iMJXRFig9azHh4VtuPCK487BiD0yDOk2WmJZTk/edit" target="_blank" rel="noreferrer noopener">Remplir le formulaire d&rsquo;inscription</a></li>



<li>Participer aux deux semaines complètes du projet (phase 1 en Allemagne et phase 2 en France).</li>



<li>Être disponible sur l&rsquo;ensemble des dates des deux phases.</li>



<li>Être prêt à participer activement aux ateliers et à la vie collective.</li>



<li>Régler la participation financière : trois tarifs sont proposés selon les moyens des participant·es (150€ > 180€ > 210€). Cette somme inclut le trajet, l&rsquo;hébergement, les activités et la nourriture pour une seule phase. Le paiement de la phase 2 sera au même tarif et se fera après la phase 1. </li>
</ul>



<p><strong>Pourquoi participer ?</strong></p>



<p>FLOW est une occasion de :</p>



<ul>
<li>Vivre une expérience interculturelle et artistique.</li>



<li>Rencontrer des jeunes venus d&rsquo;autres horizons.</li>



<li>Découvrir de nouvelles pratiques et méthodes d&rsquo;éducation populaire.</li>



<li>Approfondir ses réflexions sur les enjeux liés à l&rsquo;eau et à l&rsquo;environnement.</li>
</ul>



<p>Vous trouverez plus d&rsquo;informations sur la phase 1 sur <a href="https://clash.berlin/uncategorized/flow-2/" target="_blank" rel="noreferrer noopener">le site internet de notre partenaire Clash!</a>.</p>



<div class="wp-block-buttons is-content-justification-center is-layout-flex wp-container-1">
<div class="wp-block-button"><a class="wp-block-button__link has-text-align-center wp-element-button" href="https://docs.google.com/forms/d/1U6ZK3iMJXRFig9azHh4VtuPCK487BiD0yDOk2WmJZTk/edit" target="_blank" rel="noreferrer noopener">CLIQUEZ ICI POUR REMPLIR LE FORMULAIRE D&rsquo;INSCRPITION</a></div>
</div>



<h2 class="wp-block-heading">Collaborer avec nous</h2>



<p>A travers ces projets, la Pangée souhaite soutenir la mobilité et l&rsquo;engagement des citoyens européens en valorisant les récits, les langues et les identités multiples. Notre association œuvre à relier les initiatives locales à des dynamiques européennes, nous sommes toujours ouverts à de nouvelles coopérations alors n&rsquo;hésitez pas et contactez-nous !</p>

<p>La Pangée développe plusieurs initiatives en partenariat avec des organisations locales, nationales et européennes pour construire une société plus ouverte, inclusive et créative. Les projets européens et internationaux sont une manière concrète de faire dialoguer des territoires, partager des pratiques et permettre à des jeunes, des artistes, des associations ou des habitant·es de vivre des [&hellip;]</p>
