{"id":403,"date":"2024-05-20T19:07:08","date_gmt":"2024-05-20T17:07:08","guid":{"rendered":"https:\/\/associationlapangee.org\/?page_id=403"},"modified":"2025-11-03T15:45:01","modified_gmt":"2025-11-03T14:45:01","slug":"bleu-vertige","status":"publish","type":"page","link":"https:\/\/associationlapangee.org\/index.php\/les-projets\/bleu-vertige\/","title":{"rendered":"Bleu Vertige"},"content":{"rendered":"\n<p>Tout commence en pleine mer, des jours entiers \u00e0 contempler l\u2019infini, \u00e0 r\u00eaver d\u2019horizons lointains. De cette aventure introspective est n\u00e9e une envie : transformer ces r\u00e9cits marins en une exp\u00e9rience collective et immersive.<\/p>\n\n\n\n<p><a href=\"https:\/\/www.instagram.com\/bleu.vertige.bzh\/\" target=\"_blank\" rel=\"noreferrer noopener\">BLEU VERTIGE<\/a>, c\u2019est un \u00e9quipage d\u2019artistes, de marins et de passionn\u00e9s, unis pour m\u00ealer arts et exploration nautique. Fond\u00e9 par <a rel=\"noreferrer noopener\" href=\"https:\/\/associationlapangee.org\/\" target=\"_blank\">la Pang\u00e9e<\/a> et la <a rel=\"noreferrer noopener\" href=\"https:\/\/www.compagnielucioles.com\" target=\"_blank\">Compagnie Lucioles<\/a>, le collectif cr\u00e9e des bateaux-spectacles et des projets itin\u00e9rants m\u00ealant musique, danse voltige, peinture, th\u00e9\u00e2tre et ateliers participatifs. L\u2019\u00e9quipage navigue sur <em>le Grand Meaulnes<\/em>, un voilier de 18 tonnes, 13 m\u00e8tres de long et 16 m\u00e8tres de haut. Il est labelis\u00e9 BIP (Bateau d&rsquo;Int\u00e9r\u00eat Patrimonial) et c&rsquo;est l&rsquo;un des rares \u00ab\u00a0sistership\u00a0\u00bb du c\u00e9l\u00e8bre <em>Joshua<\/em> avec qui le navigateur et \u00e9crivain Bernard Moitessier a fait le premier tour du monde \u00e0 la voile en solitaire et sans escale. Ce colosse d\u2019acier peut en effet traverser toutes les mers avec ses 4 voiles majestueuses.<\/p>\n\n\n\n<figure class=\"wp-block-gallery has-nested-images columns-default is-cropped wp-block-gallery-1 is-layout-flex\">\n<figure class=\"wp-block-image size-large\"><img decoding=\"async\" loading=\"lazy\" width=\"400\" height=\"400\" data-id=\"494\"  src=\"https:\/\/associationlapangee.org\/wp-content\/uploads\/2025\/03\/53132304802_00bfb3ab1b_w.jpg\" alt=\"\" class=\"wp-image-494\" srcset=\"https:\/\/associationlapangee.org\/wp-content\/uploads\/2025\/03\/53132304802_00bfb3ab1b_w.jpg 400w, https:\/\/associationlapangee.org\/wp-content\/uploads\/2025\/03\/53132304802_00bfb3ab1b_w-300x300.jpg 300w, https:\/\/associationlapangee.org\/wp-content\/uploads\/2025\/03\/53132304802_00bfb3ab1b_w-150x150.jpg 150w\" sizes=\"(max-width: 400px) 100vw, 400px\" \/><\/figure>\n\n\n\n<figure class=\"wp-block-image size-large\"><img decoding=\"async\" loading=\"lazy\" width=\"768\" height=\"1024\" data-id=\"428\"  src=\"https:\/\/associationlapangee.org\/wp-content\/uploads\/2024\/10\/IMG-20240915-WA0101-768x1024.jpg\" alt=\"\" class=\"wp-image-428\" srcset=\"https:\/\/associationlapangee.org\/wp-content\/uploads\/2024\/10\/IMG-20240915-WA0101-768x1024.jpg 768w, https:\/\/associationlapangee.org\/wp-content\/uploads\/2024\/10\/IMG-20240915-WA0101-225x300.jpg 225w, https:\/\/associationlapangee.org\/wp-content\/uploads\/2024\/10\/IMG-20240915-WA0101-1152x1536.jpg 1152w, https:\/\/associationlapangee.org\/wp-content\/uploads\/2024\/10\/IMG-20240915-WA0101.jpg 1200w\" sizes=\"(max-width: 768px) 100vw, 768px\" \/><\/figure>\n\n\n\n<figure class=\"wp-block-image size-large\"><img decoding=\"async\" loading=\"lazy\" width=\"800\" height=\"800\" data-id=\"495\"  src=\"https:\/\/associationlapangee.org\/wp-content\/uploads\/2025\/03\/53133382053_2bb9b7e8f3_c.jpg\" alt=\"\" class=\"wp-image-495\" srcset=\"https:\/\/associationlapangee.org\/wp-content\/uploads\/2025\/03\/53133382053_2bb9b7e8f3_c.jpg 800w, https:\/\/associationlapangee.org\/wp-content\/uploads\/2025\/03\/53133382053_2bb9b7e8f3_c-300x300.jpg 300w, https:\/\/associationlapangee.org\/wp-content\/uploads\/2025\/03\/53133382053_2bb9b7e8f3_c-150x150.jpg 150w, https:\/\/associationlapangee.org\/wp-content\/uploads\/2025\/03\/53133382053_2bb9b7e8f3_c-768x768.jpg 768w\" sizes=\"(max-width: 800px) 100vw, 800px\" \/><\/figure>\n\n\n\n<figure class=\"wp-block-image size-large\"><img decoding=\"async\" loading=\"lazy\" width=\"576\" height=\"1024\" data-id=\"435\"  src=\"https:\/\/associationlapangee.org\/wp-content\/uploads\/2024\/10\/IMG-20240922-WA0002-576x1024.jpg\" alt=\"\" class=\"wp-image-435\" srcset=\"https:\/\/associationlapangee.org\/wp-content\/uploads\/2024\/10\/IMG-20240922-WA0002-576x1024.jpg 576w, https:\/\/associationlapangee.org\/wp-content\/uploads\/2024\/10\/IMG-20240922-WA0002-169x300.jpg 169w, https:\/\/associationlapangee.org\/wp-content\/uploads\/2024\/10\/IMG-20240922-WA0002-768x1365.jpg 768w, https:\/\/associationlapangee.org\/wp-content\/uploads\/2024\/10\/IMG-20240922-WA0002-864x1536.jpg 864w, https:\/\/associationlapangee.org\/wp-content\/uploads\/2024\/10\/IMG-20240922-WA0002.jpg 1125w\" sizes=\"(max-width: 576px) 100vw, 576px\" \/><\/figure>\n\n\n\n<figure class=\"wp-block-image size-large\"><img decoding=\"async\" loading=\"lazy\" width=\"768\" height=\"1024\" data-id=\"433\"  src=\"https:\/\/associationlapangee.org\/wp-content\/uploads\/2024\/10\/IMG-20240924-WA0018-768x1024.jpg\" alt=\"\" class=\"wp-image-433\" srcset=\"https:\/\/associationlapangee.org\/wp-content\/uploads\/2024\/10\/IMG-20240924-WA0018-768x1024.jpg 768w, https:\/\/associationlapangee.org\/wp-content\/uploads\/2024\/10\/IMG-20240924-WA0018-225x300.jpg 225w, https:\/\/associationlapangee.org\/wp-content\/uploads\/2024\/10\/IMG-20240924-WA0018-1152x1536.jpg 1152w, https:\/\/associationlapangee.org\/wp-content\/uploads\/2024\/10\/IMG-20240924-WA0018.jpg 1200w\" sizes=\"(max-width: 768px) 100vw, 768px\" \/><\/figure>\n\n\n\n<figure class=\"wp-block-image size-large\"><img decoding=\"async\" loading=\"lazy\" width=\"768\" height=\"1024\" data-id=\"431\"  src=\"https:\/\/associationlapangee.org\/wp-content\/uploads\/2024\/10\/IMG-20240924-WA0021-768x1024.jpg\" alt=\"\" class=\"wp-image-431\" srcset=\"https:\/\/associationlapangee.org\/wp-content\/uploads\/2024\/10\/IMG-20240924-WA0021-768x1024.jpg 768w, https:\/\/associationlapangee.org\/wp-content\/uploads\/2024\/10\/IMG-20240924-WA0021-225x300.jpg 225w, https:\/\/associationlapangee.org\/wp-content\/uploads\/2024\/10\/IMG-20240924-WA0021-1152x1536.jpg 1152w, https:\/\/associationlapangee.org\/wp-content\/uploads\/2024\/10\/IMG-20240924-WA0021.jpg 1200w\" sizes=\"(max-width: 768px) 100vw, 768px\" \/><\/figure>\n\n\n\n<figure class=\"wp-block-image size-large\"><img decoding=\"async\" loading=\"lazy\" width=\"1024\" height=\"771\" data-id=\"429\"  src=\"https:\/\/associationlapangee.org\/wp-content\/uploads\/2024\/10\/IMG-20240915-WA0025-1024x771.jpg\" alt=\"\" class=\"wp-image-429\" srcset=\"https:\/\/associationlapangee.org\/wp-content\/uploads\/2024\/10\/IMG-20240915-WA0025-1024x771.jpg 1024w, https:\/\/associationlapangee.org\/wp-content\/uploads\/2024\/10\/IMG-20240915-WA0025-300x226.jpg 300w, https:\/\/associationlapangee.org\/wp-content\/uploads\/2024\/10\/IMG-20240915-WA0025-768x578.jpg 768w, https:\/\/associationlapangee.org\/wp-content\/uploads\/2024\/10\/IMG-20240915-WA0025-1536x1156.jpg 1536w, https:\/\/associationlapangee.org\/wp-content\/uploads\/2024\/10\/IMG-20240915-WA0025.jpg 1600w\" sizes=\"(max-width: 1024px) 100vw, 1024px\" \/><\/figure>\n\n\n\n<figure class=\"wp-block-image size-large\"><img decoding=\"async\" loading=\"lazy\" width=\"771\" height=\"1024\" data-id=\"436\"  src=\"https:\/\/associationlapangee.org\/wp-content\/uploads\/2024\/10\/PXL_20240917_184631543-771x1024.jpg\" alt=\"\" class=\"wp-image-436\" srcset=\"https:\/\/associationlapangee.org\/wp-content\/uploads\/2024\/10\/PXL_20240917_184631543-771x1024.jpg 771w, https:\/\/associationlapangee.org\/wp-content\/uploads\/2024\/10\/PXL_20240917_184631543-226x300.jpg 226w, https:\/\/associationlapangee.org\/wp-content\/uploads\/2024\/10\/PXL_20240917_184631543-768x1020.jpg 768w, https:\/\/associationlapangee.org\/wp-content\/uploads\/2024\/10\/PXL_20240917_184631543-1157x1536.jpg 1157w, https:\/\/associationlapangee.org\/wp-content\/uploads\/2024\/10\/PXL_20240917_184631543-1542x2048.jpg 1542w, https:\/\/associationlapangee.org\/wp-content\/uploads\/2024\/10\/PXL_20240917_184631543-scaled.jpg 1928w\" sizes=\"(max-width: 771px) 100vw, 771px\" \/><\/figure>\n\n\n\n<figure class=\"wp-block-image size-large\"><img decoding=\"async\" loading=\"lazy\" width=\"771\" height=\"1024\" data-id=\"437\"  src=\"https:\/\/associationlapangee.org\/wp-content\/uploads\/2024\/10\/PXL_20240913_185838693-771x1024.jpg\" alt=\"\" class=\"wp-image-437\" srcset=\"https:\/\/associationlapangee.org\/wp-content\/uploads\/2024\/10\/PXL_20240913_185838693-771x1024.jpg 771w, https:\/\/associationlapangee.org\/wp-content\/uploads\/2024\/10\/PXL_20240913_185838693-226x300.jpg 226w, https:\/\/associationlapangee.org\/wp-content\/uploads\/2024\/10\/PXL_20240913_185838693-768x1020.jpg 768w, https:\/\/associationlapangee.org\/wp-content\/uploads\/2024\/10\/PXL_20240913_185838693-1157x1536.jpg 1157w, https:\/\/associationlapangee.org\/wp-content\/uploads\/2024\/10\/PXL_20240913_185838693-1542x2048.jpg 1542w, https:\/\/associationlapangee.org\/wp-content\/uploads\/2024\/10\/PXL_20240913_185838693-scaled.jpg 1928w\" sizes=\"(max-width: 771px) 100vw, 771px\" \/><\/figure>\n<\/figure>\n\n\n\n<p>En 2023, <em>le Grand Meaulnes<\/em> a mis les voiles pour une tourn\u00e9e portugaise nomm\u00e9e \u00ab\u00a0ENCONTRO\u00a0\u00bb. Parti de la pointe du Finist\u00e8re, il a fait escale dans les ports de Bordeaux, Viana do Castelo, Porto et Lisbonne et des milliers de personnes ont pu profiter du spectacle dans chaque ville. Des ateliers et des partenariats avec des structures socioculturelles ont permis d&rsquo;accueillir des jeunes sur le bateau et une trentaine de personnes ont pris part au projet en suivant le parcours en v\u00e9lo, en train et en voiture, un second voilier rencontr\u00e9 en route a d\u00e9cid\u00e9 de rejoindre notre flottille !<\/p>\n\n\n\n<figure class=\"wp-block-video\"><video controls src=\"https:\/\/associationlapangee.org\/wp-content\/uploads\/2024\/05\/TEASER-ENCONTRO.mp4\"><\/video><\/figure>\n\n\n\n<hr class=\"wp-block-separator has-alpha-channel-opacity\"\/>\n\n\n\n<p>En septembre 2024, le Grand Meaulnes a remis les voiles avec une tourn\u00e9e plus locale, autour de Douarnenez, le port d&rsquo;attache du <em>Grand Meaulnes<\/em>.&nbsp;La collaboration avec les structures locales et les habitants a \u00e9t\u00e9 plac\u00e9e au centre du projet. Au-del\u00e0 des 4 repr\u00e9sentations du bateau-spectacle, l&rsquo;\u00e9quipage BLEU VERTIGE a organis\u00e9 15 ateliers avec des \u00e9tablissements scolaires et des structures m\u00e9dico-sociales, 8 visites du bateau, deux \u00ab\u00a0cabarets flottants\u00a0\u00bb et un parcours de randonn\u00e9e collective le long du sentier des Douaniers (GR34) pour d\u00e9couvrir le patrimoine naturel et culturel du Finist\u00e8re. Tous ces dispositifs ont rythm\u00e9 ce projet itin\u00e9rant qui a r\u00e9uni plus de 2000 personnes sur les trois semaines de navigation.<\/p>\n\n\n<div class=\"wp-block-image\">\n<figure class=\"aligncenter size-large is-resized\"><img decoding=\"async\" loading=\"lazy\" src=\"https:\/\/associationlapangee.org\/wp-content\/uploads\/2024\/08\/Nouvelle-affiche-BLEU-VERTIGE-724x1024.png\" alt=\"\" class=\"wp-image-422\" width=\"651\" height=\"921\" srcset=\"https:\/\/associationlapangee.org\/wp-content\/uploads\/2024\/08\/Nouvelle-affiche-BLEU-VERTIGE-724x1024.png 724w, https:\/\/associationlapangee.org\/wp-content\/uploads\/2024\/08\/Nouvelle-affiche-BLEU-VERTIGE-212x300.png 212w, https:\/\/associationlapangee.org\/wp-content\/uploads\/2024\/08\/Nouvelle-affiche-BLEU-VERTIGE-768x1086.png 768w, https:\/\/associationlapangee.org\/wp-content\/uploads\/2024\/08\/Nouvelle-affiche-BLEU-VERTIGE-1086x1536.png 1086w, https:\/\/associationlapangee.org\/wp-content\/uploads\/2024\/08\/Nouvelle-affiche-BLEU-VERTIGE.png 1414w\" sizes=\"(max-width: 651px) 100vw, 651px\" \/><\/figure><\/div>\n\n\n<hr class=\"wp-block-separator has-alpha-channel-opacity\"\/>\n\n\n\n<p>Soucieux de rapprocher les r\u00e9cits maritimes et terrestres, l&rsquo;\u00e9quipage a d\u00e9cid\u00e9 de repenser cette sc\u00e8ne flottante\u2026 pour la faire rouler ! Nos moussaillons ont r\u00e9cup\u00e9r\u00e9 un bateau-\u00e9pave pour lui redonner vie et le transformer en char et en sc\u00e8ne. Apr\u00e8s des mois de chantiers participatifs, un petit nouveau est mont\u00e9 \u00e0 bord : le Bateau Ambulant ! Cette myst\u00e9rieuse cr\u00e9ature est d\u00e9j\u00e0 sortie de l&rsquo;eau quatre fois pour participer \u00e0 des carnavals en Gironde, et elle semble appr\u00e9cier la terre ferme&#8230;<\/p>\n\n\n\n<p><strong>BLEU VERTIGE<\/strong> c&rsquo;est aujourd&rsquo;hui un collectif prot\u00e9iforme pens\u00e9 comme un laboratoire artistique itin\u00e9rant, qui explore sans cesse de nouvelles mani\u00e8res de raconter, de partager et de rassembler. L&rsquo;\u00e9quipage organise des tourn\u00e9es d\u00e9carbon\u00e9es, des d\u00e9ambulations carnavalesques, des micro-festivals costum\u00e9s et diff\u00e9rents ateliers pour r\u00e9inventer nos liens aux territoires et aux autres. Chaque escale est une nouvelle exp\u00e9rimentation, chaque projet une invitation \u00e0 naviguer entre le r\u00e9el et l\u2019imaginaire. Nous sommes \u00e0 la recherche de partenariats et de financements pour nos projets, si vous \u00eates int\u00e9ress\u00e9 pour y prendre part, contactez-nous : <strong>bleu.vertige.bzh@gmail.com<\/strong><\/p>\n\n\n\n<div class=\"wp-block-file aligncenter\"><object class=\"wp-block-file__embed\" data=\"https:\/\/associationlapangee.org\/wp-content\/uploads\/2025\/03\/Le-Bateau-Ambulant-Dossier-de-presentation_compressed.pdf\" type=\"application\/pdf\" style=\"width:100%;height:354px\" aria-label=\"Contenu embarqu\u00e9 Le-Bateau-Ambulant-Dossier-de-presentation_compressed.\"><\/object><a id=\"wp-block-file--media-0192ae84-a835-4626-9e98-dae2117bae9d\" href=\"https:\/\/associationlapangee.org\/wp-content\/uploads\/2025\/03\/Le-Bateau-Ambulant-Dossier-de-presentation_compressed.pdf\">Le-Bateau-Ambulant-Dossier-de-presentation_compressed<\/a><a href=\"https:\/\/associationlapangee.org\/wp-content\/uploads\/2025\/03\/Le-Bateau-Ambulant-Dossier-de-presentation_compressed.pdf\" class=\"wp-block-file__button wp-element-button\" download aria-describedby=\"wp-block-file--media-0192ae84-a835-4626-9e98-dae2117bae9d\">Download<\/a><\/div>\n\n\n\n<div style=\"height:310px\" aria-hidden=\"true\" class=\"wp-block-spacer\"><\/div>\n\n\n\n<p><\/p>\n\n\n\n<hr class=\"wp-block-separator has-alpha-channel-opacity\"\/>\n\n\n\n<div class=\"wp-block-columns is-layout-flex wp-container-7\">\n<div class=\"wp-block-column is-layout-flow\">\n<ul class=\"wp-block-social-links is-content-justification-left is-layout-flex wp-container-3\"><li class=\"wp-social-link wp-social-link-facebook wp-block-social-link\"><a href=\"https:\/\/www.facebook.com\/lapangee.asso\" class=\"wp-block-social-link-anchor\"><svg width=\"24\" height=\"24\" viewBox=\"0 0 24 24\" version=\"1.1\" xmlns=\"http:\/\/www.w3.org\/2000\/svg\" aria-hidden=\"true\" focusable=\"false\"><path d=\"M12 2C6.5 2 2 6.5 2 12c0 5 3.7 9.1 8.4 9.9v-7H7.9V12h2.5V9.8c0-2.5 1.5-3.9 3.8-3.9 1.1 0 2.2.2 2.2.2v2.5h-1.3c-1.2 0-1.6.8-1.6 1.6V12h2.8l-.4 2.9h-2.3v7C18.3 21.1 22 17 22 12c0-5.5-4.5-10-10-10z\"><\/path><\/svg><span class=\"wp-block-social-link-label screen-reader-text\">Facebook<\/span><\/a><\/li>\n\n<li class=\"wp-social-link wp-social-link-instagram wp-block-social-link\"><a href=\"https:\/\/www.instagram.com\/lapangee.asso\" class=\"wp-block-social-link-anchor\"><svg width=\"24\" height=\"24\" viewBox=\"0 0 24 24\" version=\"1.1\" xmlns=\"http:\/\/www.w3.org\/2000\/svg\" aria-hidden=\"true\" focusable=\"false\"><path d=\"M12,4.622c2.403,0,2.688,0.009,3.637,0.052c0.877,0.04,1.354,0.187,1.671,0.31c0.42,0.163,0.72,0.358,1.035,0.673 c0.315,0.315,0.51,0.615,0.673,1.035c0.123,0.317,0.27,0.794,0.31,1.671c0.043,0.949,0.052,1.234,0.052,3.637 s-0.009,2.688-0.052,3.637c-0.04,0.877-0.187,1.354-0.31,1.671c-0.163,0.42-0.358,0.72-0.673,1.035 c-0.315,0.315-0.615,0.51-1.035,0.673c-0.317,0.123-0.794,0.27-1.671,0.31c-0.949,0.043-1.233,0.052-3.637,0.052 s-2.688-0.009-3.637-0.052c-0.877-0.04-1.354-0.187-1.671-0.31c-0.42-0.163-0.72-0.358-1.035-0.673 c-0.315-0.315-0.51-0.615-0.673-1.035c-0.123-0.317-0.27-0.794-0.31-1.671C4.631,14.688,4.622,14.403,4.622,12 s0.009-2.688,0.052-3.637c0.04-0.877,0.187-1.354,0.31-1.671c0.163-0.42,0.358-0.72,0.673-1.035 c0.315-0.315,0.615-0.51,1.035-0.673c0.317-0.123,0.794-0.27,1.671-0.31C9.312,4.631,9.597,4.622,12,4.622 M12,3 C9.556,3,9.249,3.01,8.289,3.054C7.331,3.098,6.677,3.25,6.105,3.472C5.513,3.702,5.011,4.01,4.511,4.511 c-0.5,0.5-0.808,1.002-1.038,1.594C3.25,6.677,3.098,7.331,3.054,8.289C3.01,9.249,3,9.556,3,12c0,2.444,0.01,2.751,0.054,3.711 c0.044,0.958,0.196,1.612,0.418,2.185c0.23,0.592,0.538,1.094,1.038,1.594c0.5,0.5,1.002,0.808,1.594,1.038 c0.572,0.222,1.227,0.375,2.185,0.418C9.249,20.99,9.556,21,12,21s2.751-0.01,3.711-0.054c0.958-0.044,1.612-0.196,2.185-0.418 c0.592-0.23,1.094-0.538,1.594-1.038c0.5-0.5,0.808-1.002,1.038-1.594c0.222-0.572,0.375-1.227,0.418-2.185 C20.99,14.751,21,14.444,21,12s-0.01-2.751-0.054-3.711c-0.044-0.958-0.196-1.612-0.418-2.185c-0.23-0.592-0.538-1.094-1.038-1.594 c-0.5-0.5-1.002-0.808-1.594-1.038c-0.572-0.222-1.227-0.375-2.185-0.418C14.751,3.01,14.444,3,12,3L12,3z M12,7.378 c-2.552,0-4.622,2.069-4.622,4.622S9.448,16.622,12,16.622s4.622-2.069,4.622-4.622S14.552,7.378,12,7.378z M12,15 c-1.657,0-3-1.343-3-3s1.343-3,3-3s3,1.343,3,3S13.657,15,12,15z M16.804,6.116c-0.596,0-1.08,0.484-1.08,1.08 s0.484,1.08,1.08,1.08c0.596,0,1.08-0.484,1.08-1.08S17.401,6.116,16.804,6.116z\"><\/path><\/svg><span class=\"wp-block-social-link-label screen-reader-text\">Instagram<\/span><\/a><\/li>\n\n<li class=\"wp-social-link wp-social-link-tiktok wp-block-social-link\"><a href=\"https:\/\/www.tiktok.com\/@lapangee.asso\" class=\"wp-block-social-link-anchor\"><svg width=\"24\" height=\"24\" viewBox=\"0 0 32 32\" version=\"1.1\" xmlns=\"http:\/\/www.w3.org\/2000\/svg\" aria-hidden=\"true\" focusable=\"false\"><path d=\"M16.708 0.027c1.745-0.027 3.48-0.011 5.213-0.027 0.105 2.041 0.839 4.12 2.333 5.563 1.491 1.479 3.6 2.156 5.652 2.385v5.369c-1.923-0.063-3.855-0.463-5.6-1.291-0.76-0.344-1.468-0.787-2.161-1.24-0.009 3.896 0.016 7.787-0.025 11.667-0.104 1.864-0.719 3.719-1.803 5.255-1.744 2.557-4.771 4.224-7.88 4.276-1.907 0.109-3.812-0.411-5.437-1.369-2.693-1.588-4.588-4.495-4.864-7.615-0.032-0.667-0.043-1.333-0.016-1.984 0.24-2.537 1.495-4.964 3.443-6.615 2.208-1.923 5.301-2.839 8.197-2.297 0.027 1.975-0.052 3.948-0.052 5.923-1.323-0.428-2.869-0.308-4.025 0.495-0.844 0.547-1.485 1.385-1.819 2.333-0.276 0.676-0.197 1.427-0.181 2.145 0.317 2.188 2.421 4.027 4.667 3.828 1.489-0.016 2.916-0.88 3.692-2.145 0.251-0.443 0.532-0.896 0.547-1.417 0.131-2.385 0.079-4.76 0.095-7.145 0.011-5.375-0.016-10.735 0.025-16.093z\" \/><\/svg><span class=\"wp-block-social-link-label screen-reader-text\">TikTok<\/span><\/a><\/li>\n\n<li class=\"wp-social-link wp-social-link-spotify wp-block-social-link\"><a href=\"https:\/\/open.spotify.com\/user\/31fejp2dscoqx3232ek23pcz23ku?si=ad9d381c29f1459d\" class=\"wp-block-social-link-anchor\"><svg width=\"24\" height=\"24\" viewBox=\"0 0 24 24\" version=\"1.1\" xmlns=\"http:\/\/www.w3.org\/2000\/svg\" aria-hidden=\"true\" focusable=\"false\"><path d=\"M12,2C6.477,2,2,6.477,2,12c0,5.523,4.477,10,10,10c5.523,0,10-4.477,10-10C22,6.477,17.523,2,12,2 M16.586,16.424 c-0.18,0.295-0.563,0.387-0.857,0.207c-2.348-1.435-5.304-1.76-8.785-0.964c-0.335,0.077-0.67-0.133-0.746-0.469 c-0.077-0.335,0.132-0.67,0.469-0.746c3.809-0.871,7.077-0.496,9.713,1.115C16.673,15.746,16.766,16.13,16.586,16.424 M17.81,13.7 c-0.226,0.367-0.706,0.482-1.072,0.257c-2.687-1.652-6.785-2.131-9.965-1.166C6.36,12.917,5.925,12.684,5.8,12.273 C5.675,11.86,5.908,11.425,6.32,11.3c3.632-1.102,8.147-0.568,11.234,1.328C17.92,12.854,18.035,13.335,17.81,13.7 M17.915,10.865 c-3.223-1.914-8.54-2.09-11.618-1.156C5.804,9.859,5.281,9.58,5.131,9.086C4.982,8.591,5.26,8.069,5.755,7.919 c3.532-1.072,9.404-0.865,13.115,1.338c0.445,0.264,0.59,0.838,0.327,1.282C18.933,10.983,18.359,11.129,17.915,10.865\"><\/path><\/svg><span class=\"wp-block-social-link-label screen-reader-text\">Spotify<\/span><\/a><\/li>\n\n<li class=\"wp-social-link wp-social-link-mail wp-block-social-link\"><a href=\"mailto:lapangee.asso@gmail.com\" class=\"wp-block-social-link-anchor\"><svg width=\"24\" height=\"24\" viewBox=\"0 0 24 24\" version=\"1.1\" xmlns=\"http:\/\/www.w3.org\/2000\/svg\" aria-hidden=\"true\" focusable=\"false\"><path d=\"M20,4H4C2.895,4,2,4.895,2,6v12c0,1.105,0.895,2,2,2h16c1.105,0,2-0.895,2-2V6C22,4.895,21.105,4,20,4z M20,8.236l-8,4.882 L4,8.236V6h16V8.236z\"><\/path><\/svg><span class=\"wp-block-social-link-label screen-reader-text\">Mail<\/span><\/a><\/li><\/ul>\n<\/div>\n\n\n\n<div class=\"wp-block-column is-layout-flow\">\n<div class=\"wp-block-buttons is-horizontal is-content-justification-right is-layout-flex wp-container-5\">\n<div class=\"wp-block-button\"><a class=\"wp-block-button__link wp-element-button\" href=\"https:\/\/www.helloasso.com\/associations\/collectif-la-pangee\/adhesions\/adhesion-a-la-pangee\" target=\"_blank\" rel=\"noreferrer noopener\">ENVIE DE NOUS SOUTENIR ?<\/a><\/div>\n<\/div>\n<\/div>\n<\/div>\n","protected":false},"excerpt":{"rendered":"<p>Tout commence en pleine mer, des jours entiers \u00e0 contempler l\u2019infini, \u00e0 r\u00eaver d\u2019horizons lointains. De cette aventure introspective est n\u00e9e une envie : transformer ces r\u00e9cits marins en une exp\u00e9rience collective et immersive. BLEU VERTIGE, c\u2019est un \u00e9quipage d\u2019artistes, de marins et de passionn\u00e9s, unis pour m\u00ealer arts et exploration nautique. Fond\u00e9 par la [&hellip;]<\/p>\n","protected":false},"author":1,"featured_media":0,"parent":836,"menu_order":0,"comment_status":"closed","ping_status":"closed","template":"","meta":[],"_links":{"self":[{"href":"https:\/\/associationlapangee.org\/index.php\/wp-json\/wp\/v2\/pages\/403"}],"collection":[{"href":"https:\/\/associationlapangee.org\/index.php\/wp-json\/wp\/v2\/pages"}],"about":[{"href":"https:\/\/associationlapangee.org\/index.php\/wp-json\/wp\/v2\/types\/page"}],"author":[{"embeddable":true,"href":"https:\/\/associationlapangee.org\/index.php\/wp-json\/wp\/v2\/users\/1"}],"replies":[{"embeddable":true,"href":"https:\/\/associationlapangee.org\/index.php\/wp-json\/wp\/v2\/comments?post=403"}],"version-history":[{"count":17,"href":"https:\/\/associationlapangee.org\/index.php\/wp-json\/wp\/v2\/pages\/403\/revisions"}],"predecessor-version":[{"id":866,"href":"https:\/\/associationlapangee.org\/index.php\/wp-json\/wp\/v2\/pages\/403\/revisions\/866"}],"up":[{"embeddable":true,"href":"https:\/\/associationlapangee.org\/index.php\/wp-json\/wp\/v2\/pages\/836"}],"wp:attachment":[{"href":"https:\/\/associationlapangee.org\/index.php\/wp-json\/wp\/v2\/media?parent=403"}],"curies":[{"name":"wp","href":"https:\/\/api.w.org\/{rel}","templated":true}]}}