{"id":13,"date":"2022-05-06T10:08:37","date_gmt":"2022-05-06T08:08:37","guid":{"rendered":"https:\/\/associationlapangee.org\/?page_id=13"},"modified":"2026-02-19T03:00:49","modified_gmt":"2026-02-19T02:00:49","slug":"galerie","status":"publish","type":"page","link":"https:\/\/associationlapangee.org\/index.php\/galerie\/","title":{"rendered":"Ressourcerie"},"content":{"rendered":"\n<h1 class=\"wp-block-heading\">Le manifeste-po\u00e9tique de la Pang\u00e9e<\/h1>\n\n\n\n<div class=\"wp-block-columns is-layout-flex wp-container-3\">\n<div class=\"wp-block-column is-layout-flow\">\n<p>Ressource centrale \u00e9voquant les valeurs port\u00e9es par la Pang\u00e9e, ce manifeste-po\u00e9tique r\u00e9sume le chemin suivi par l&rsquo;association pour mettre en place ses projets. Il est pr\u00e9sent\u00e9 comme pr\u00e9ambule \u00e0 chaque engagement, chaque collaboration, chaque partenariat.<\/p>\n\n\n\n<p>Il a \u00e9t\u00e9 \u00e9crit par notre Tribu pour former un socle commun qui permette d&rsquo;avancer. Il est \u00e9galement un outil de vigilance qui peut \u00eatre lu, relu, interpr\u00e9t\u00e9 et r\u00e9interpr\u00e9t\u00e9 pour nourrir des r\u00e9flexions en cours.  <\/p>\n\n\n\n<p>Ce texte n&rsquo;est \u00e9videmment pas fig\u00e9, d\u00e9finitif, il est amen\u00e9 \u00e0 \u00e9voluer, comme toute chose vivante.<\/p>\n<\/div>\n\n\n\n<div class=\"wp-block-column is-layout-flow\">\n<figure class=\"wp-block-image size-large\"><img decoding=\"async\" loading=\"lazy\" width=\"819\" height=\"1024\" src=\"https:\/\/associationlapangee.org\/wp-content\/uploads\/2025\/06\/1-1-819x1024.png\" alt=\"\" class=\"wp-image-792\" srcset=\"https:\/\/associationlapangee.org\/wp-content\/uploads\/2025\/06\/1-1-819x1024.png 819w, https:\/\/associationlapangee.org\/wp-content\/uploads\/2025\/06\/1-1-240x300.png 240w, https:\/\/associationlapangee.org\/wp-content\/uploads\/2025\/06\/1-1-768x960.png 768w, https:\/\/associationlapangee.org\/wp-content\/uploads\/2025\/06\/1-1.png 1080w\" sizes=\"(max-width: 819px) 100vw, 819px\" \/><\/figure>\n<\/div>\n<\/div>\n\n\n\n<figure class=\"wp-block-gallery has-nested-images columns-default is-cropped wp-block-gallery-4 is-layout-flex\">\n<figure class=\"wp-block-image size-large\"><img decoding=\"async\" loading=\"lazy\" width=\"819\" height=\"1024\" data-id=\"788\"  src=\"https:\/\/associationlapangee.org\/wp-content\/uploads\/2025\/06\/2-819x1024.png\" alt=\"\" class=\"wp-image-788\" srcset=\"https:\/\/associationlapangee.org\/wp-content\/uploads\/2025\/06\/2-819x1024.png 819w, https:\/\/associationlapangee.org\/wp-content\/uploads\/2025\/06\/2-240x300.png 240w, https:\/\/associationlapangee.org\/wp-content\/uploads\/2025\/06\/2-768x960.png 768w, https:\/\/associationlapangee.org\/wp-content\/uploads\/2025\/06\/2.png 1080w\" sizes=\"(max-width: 819px) 100vw, 819px\" \/><\/figure>\n\n\n\n<figure class=\"wp-block-image size-large\"><img decoding=\"async\" loading=\"lazy\" width=\"819\" height=\"1024\" data-id=\"782\"  src=\"https:\/\/associationlapangee.org\/wp-content\/uploads\/2025\/06\/3-819x1024.png\" alt=\"\" class=\"wp-image-782\" srcset=\"https:\/\/associationlapangee.org\/wp-content\/uploads\/2025\/06\/3-819x1024.png 819w, https:\/\/associationlapangee.org\/wp-content\/uploads\/2025\/06\/3-240x300.png 240w, https:\/\/associationlapangee.org\/wp-content\/uploads\/2025\/06\/3-768x960.png 768w, https:\/\/associationlapangee.org\/wp-content\/uploads\/2025\/06\/3.png 1080w\" sizes=\"(max-width: 819px) 100vw, 819px\" \/><\/figure>\n\n\n\n<figure class=\"wp-block-image size-large\"><img decoding=\"async\" loading=\"lazy\" width=\"1080\" height=\"1350\" data-id=\"789\"  src=\"https:\/\/associationlapangee.org\/wp-content\/uploads\/2025\/06\/4-819x1024.png\" alt=\"\" class=\"wp-image-789\" srcset=\"https:\/\/associationlapangee.org\/wp-content\/uploads\/2025\/06\/4-819x1024.png 819w, https:\/\/associationlapangee.org\/wp-content\/uploads\/2025\/06\/4-240x300.png 240w, https:\/\/associationlapangee.org\/wp-content\/uploads\/2025\/06\/4-768x960.png 768w, https:\/\/associationlapangee.org\/wp-content\/uploads\/2025\/06\/4.png 1080w\" sizes=\"(max-width: 1080px) 100vw, 1080px\" \/><\/figure>\n\n\n\n<figure class=\"wp-block-image size-large\"><img decoding=\"async\" loading=\"lazy\" width=\"819\" height=\"1024\" data-id=\"784\"  src=\"https:\/\/associationlapangee.org\/wp-content\/uploads\/2025\/06\/5-819x1024.png\" alt=\"\" class=\"wp-image-784\" srcset=\"https:\/\/associationlapangee.org\/wp-content\/uploads\/2025\/06\/5-819x1024.png 819w, https:\/\/associationlapangee.org\/wp-content\/uploads\/2025\/06\/5-240x300.png 240w, https:\/\/associationlapangee.org\/wp-content\/uploads\/2025\/06\/5-768x960.png 768w, https:\/\/associationlapangee.org\/wp-content\/uploads\/2025\/06\/5.png 1080w\" sizes=\"(max-width: 819px) 100vw, 819px\" \/><\/figure>\n\n\n\n<figure class=\"wp-block-image size-large\"><img decoding=\"async\" loading=\"lazy\" width=\"819\" height=\"1024\" data-id=\"785\"  src=\"https:\/\/associationlapangee.org\/wp-content\/uploads\/2025\/06\/6-819x1024.png\" alt=\"\" class=\"wp-image-785\" srcset=\"https:\/\/associationlapangee.org\/wp-content\/uploads\/2025\/06\/6-819x1024.png 819w, https:\/\/associationlapangee.org\/wp-content\/uploads\/2025\/06\/6-240x300.png 240w, https:\/\/associationlapangee.org\/wp-content\/uploads\/2025\/06\/6-768x960.png 768w, https:\/\/associationlapangee.org\/wp-content\/uploads\/2025\/06\/6.png 1080w\" sizes=\"(max-width: 819px) 100vw, 819px\" \/><\/figure>\n\n\n\n<figure class=\"wp-block-image size-large\"><img decoding=\"async\" loading=\"lazy\" width=\"819\" height=\"1024\" data-id=\"790\"  src=\"https:\/\/associationlapangee.org\/wp-content\/uploads\/2025\/06\/7-819x1024.png\" alt=\"\" class=\"wp-image-790\" srcset=\"https:\/\/associationlapangee.org\/wp-content\/uploads\/2025\/06\/7-819x1024.png 819w, https:\/\/associationlapangee.org\/wp-content\/uploads\/2025\/06\/7-240x300.png 240w, https:\/\/associationlapangee.org\/wp-content\/uploads\/2025\/06\/7-768x960.png 768w, https:\/\/associationlapangee.org\/wp-content\/uploads\/2025\/06\/7.png 1080w\" sizes=\"(max-width: 819px) 100vw, 819px\" \/><\/figure>\n\n\n\n<figure class=\"wp-block-image size-large\"><img decoding=\"async\" loading=\"lazy\" width=\"819\" height=\"1024\" data-id=\"791\"  src=\"https:\/\/associationlapangee.org\/wp-content\/uploads\/2025\/06\/8-819x1024.png\" alt=\"\" class=\"wp-image-791\" srcset=\"https:\/\/associationlapangee.org\/wp-content\/uploads\/2025\/06\/8-819x1024.png 819w, https:\/\/associationlapangee.org\/wp-content\/uploads\/2025\/06\/8-240x300.png 240w, https:\/\/associationlapangee.org\/wp-content\/uploads\/2025\/06\/8-768x960.png 768w, https:\/\/associationlapangee.org\/wp-content\/uploads\/2025\/06\/8.png 1080w\" sizes=\"(max-width: 819px) 100vw, 819px\" \/><\/figure>\n\n\n\n<figure class=\"wp-block-image size-large\"><img decoding=\"async\" loading=\"lazy\" width=\"819\" height=\"1024\" data-id=\"783\"  src=\"https:\/\/associationlapangee.org\/wp-content\/uploads\/2025\/06\/9-819x1024.png\" alt=\"\" class=\"wp-image-783\" srcset=\"https:\/\/associationlapangee.org\/wp-content\/uploads\/2025\/06\/9-819x1024.png 819w, https:\/\/associationlapangee.org\/wp-content\/uploads\/2025\/06\/9-240x300.png 240w, https:\/\/associationlapangee.org\/wp-content\/uploads\/2025\/06\/9-768x960.png 768w, https:\/\/associationlapangee.org\/wp-content\/uploads\/2025\/06\/9.png 1080w\" sizes=\"(max-width: 819px) 100vw, 819px\" \/><\/figure>\n\n\n\n<figure class=\"wp-block-image size-large\"><img decoding=\"async\" loading=\"lazy\" width=\"819\" height=\"1024\" data-id=\"786\"  src=\"https:\/\/associationlapangee.org\/wp-content\/uploads\/2025\/06\/10-819x1024.png\" alt=\"\" class=\"wp-image-786\" srcset=\"https:\/\/associationlapangee.org\/wp-content\/uploads\/2025\/06\/10-819x1024.png 819w, https:\/\/associationlapangee.org\/wp-content\/uploads\/2025\/06\/10-240x300.png 240w, https:\/\/associationlapangee.org\/wp-content\/uploads\/2025\/06\/10-768x960.png 768w, https:\/\/associationlapangee.org\/wp-content\/uploads\/2025\/06\/10.png 1080w\" sizes=\"(max-width: 819px) 100vw, 819px\" \/><\/figure>\n<\/figure>\n\n\n\n<hr class=\"wp-block-separator has-css-opacity\"\/>\n\n\n\n<h1 class=\"wp-block-heading\">La D\u00e9claration de Fribourg sur les droits culturels<\/h1>\n\n\n\n<p><a rel=\"noreferrer noopener\" href=\"https:\/\/droitsculturels.org\/observatoire\/la-declaration-de-fribourg\/\" target=\"_blank\">Retrouvez ici la d\u00e9claration de Fribourg<\/a>, une boussole pour notre engagement. Ce texte fondamental dat\u00e9 de 1993 nous sert \u00e0 la fois d&rsquo;outil de r\u00e9f\u00e9rence et de vigilance. Il nous rappelle que la culture, dans toute sa diversit\u00e9, est un vecteur essentiel de dignit\u00e9, de dialogue et de coh\u00e9sion sociale. En nous inspirant de ses principes, nous veillons \u00e0 ce que nos processus d&rsquo;organisation, nos projets et nos \u00e9changes soient toujours porteurs de sens, \u00e9quitables et attentifs aux identit\u00e9s de chacun et chacune.<\/p>\n\n\n\n<hr class=\"wp-block-separator has-css-opacity\"\/>\n\n\n\n<h1 class=\"wp-block-heading\">La Convention de Faro sur la valeur du patrimoine culturel pour la soci\u00e9t\u00e9<\/h1>\n\n\n\n<p><a rel=\"noreferrer noopener\" href=\"http:\/\/La D\u00e9claration de Fribourg sur les droits culturels\" target=\"_blank\">Retrouvez ici la convention de Faro<\/a>, un cadre pour le patrimoine vivant et la participation. La Pang\u00e9e s&rsquo;inspire \u00e9galement des principes de cette convention r\u00e9dig\u00e9e en 2005. Port\u00e9 par le Conseil de l&rsquo;Europe, il met l&rsquo;accent sur le droit des individus et des communaut\u00e9s \u00e0 s&rsquo;approprier leur patrimoine comme ressource partag\u00e9e, dans une logique de dialogue et de responsabilit\u00e9 collective. <\/p>\n\n\n\n<p>Alors que <em>la D\u00e9claration de Fribourg<\/em> \u00e9claire notre approche des droits culturels, <em>la Convention de Faro<\/em> nous invite \u00e0 consid\u00e9rer le patrimoine &#8211; mat\u00e9riel et immat\u00e9riel &#8211; comme un bien commun dynamique, fa\u00e7onn\u00e9 par les pratiques et les r\u00e9cits de celles et ceux qui le font vivre.<\/p>\n\n\n\n<hr class=\"wp-block-separator has-alpha-channel-opacity\"\/>\n\n\n\n<h1 class=\"wp-block-heading\">Le rapport d&rsquo;activit\u00e9 de la Pang\u00e9e en 2025<\/h1>\n\n\n\n<div class=\"wp-block-file\"><object class=\"wp-block-file__embed\" data=\"https:\/\/associationlapangee.org\/wp-content\/uploads\/2026\/02\/RAPPORT-DACTIVITE-2025.pdf\" type=\"application\/pdf\" style=\"width:100%;height:600px\" aria-label=\"Contenu embarqu\u00e9 RAPPORT-DACTIVITE-2025.\"><\/object><a id=\"wp-block-file--media-f2cfafbe-a6d9-43fb-b62d-c1fd27582e45\" href=\"https:\/\/associationlapangee.org\/wp-content\/uploads\/2026\/02\/RAPPORT-DACTIVITE-2025.pdf\">RAPPORT-DACTIVITE-2025<\/a><a href=\"https:\/\/associationlapangee.org\/wp-content\/uploads\/2026\/02\/RAPPORT-DACTIVITE-2025.pdf\" class=\"wp-block-file__button wp-element-button\" download aria-describedby=\"wp-block-file--media-f2cfafbe-a6d9-43fb-b62d-c1fd27582e45\">Download<\/a><\/div>\n\n\n\n<div style=\"height:310px\" aria-hidden=\"true\" class=\"wp-block-spacer\"><\/div>\n\n\n\n<p><\/p>\n\n\n\n<hr class=\"wp-block-separator has-alpha-channel-opacity\"\/>\n\n\n\n<div class=\"wp-block-columns is-layout-flex wp-container-10\">\n<div class=\"wp-block-column is-layout-flow\">\n<ul class=\"wp-block-social-links is-content-justification-center is-layout-flex wp-container-6\"><li class=\"wp-social-link wp-social-link-facebook wp-block-social-link\"><a href=\"https:\/\/www.facebook.com\/lapangee.asso\" class=\"wp-block-social-link-anchor\"><svg width=\"24\" height=\"24\" viewBox=\"0 0 24 24\" version=\"1.1\" xmlns=\"http:\/\/www.w3.org\/2000\/svg\" aria-hidden=\"true\" focusable=\"false\"><path d=\"M12 2C6.5 2 2 6.5 2 12c0 5 3.7 9.1 8.4 9.9v-7H7.9V12h2.5V9.8c0-2.5 1.5-3.9 3.8-3.9 1.1 0 2.2.2 2.2.2v2.5h-1.3c-1.2 0-1.6.8-1.6 1.6V12h2.8l-.4 2.9h-2.3v7C18.3 21.1 22 17 22 12c0-5.5-4.5-10-10-10z\"><\/path><\/svg><span class=\"wp-block-social-link-label screen-reader-text\">Facebook<\/span><\/a><\/li>\n\n<li class=\"wp-social-link wp-social-link-instagram wp-block-social-link\"><a href=\"https:\/\/www.instagram.com\/lapangee.asso\/\" class=\"wp-block-social-link-anchor\"><svg width=\"24\" height=\"24\" viewBox=\"0 0 24 24\" version=\"1.1\" xmlns=\"http:\/\/www.w3.org\/2000\/svg\" aria-hidden=\"true\" focusable=\"false\"><path d=\"M12,4.622c2.403,0,2.688,0.009,3.637,0.052c0.877,0.04,1.354,0.187,1.671,0.31c0.42,0.163,0.72,0.358,1.035,0.673 c0.315,0.315,0.51,0.615,0.673,1.035c0.123,0.317,0.27,0.794,0.31,1.671c0.043,0.949,0.052,1.234,0.052,3.637 s-0.009,2.688-0.052,3.637c-0.04,0.877-0.187,1.354-0.31,1.671c-0.163,0.42-0.358,0.72-0.673,1.035 c-0.315,0.315-0.615,0.51-1.035,0.673c-0.317,0.123-0.794,0.27-1.671,0.31c-0.949,0.043-1.233,0.052-3.637,0.052 s-2.688-0.009-3.637-0.052c-0.877-0.04-1.354-0.187-1.671-0.31c-0.42-0.163-0.72-0.358-1.035-0.673 c-0.315-0.315-0.51-0.615-0.673-1.035c-0.123-0.317-0.27-0.794-0.31-1.671C4.631,14.688,4.622,14.403,4.622,12 s0.009-2.688,0.052-3.637c0.04-0.877,0.187-1.354,0.31-1.671c0.163-0.42,0.358-0.72,0.673-1.035 c0.315-0.315,0.615-0.51,1.035-0.673c0.317-0.123,0.794-0.27,1.671-0.31C9.312,4.631,9.597,4.622,12,4.622 M12,3 C9.556,3,9.249,3.01,8.289,3.054C7.331,3.098,6.677,3.25,6.105,3.472C5.513,3.702,5.011,4.01,4.511,4.511 c-0.5,0.5-0.808,1.002-1.038,1.594C3.25,6.677,3.098,7.331,3.054,8.289C3.01,9.249,3,9.556,3,12c0,2.444,0.01,2.751,0.054,3.711 c0.044,0.958,0.196,1.612,0.418,2.185c0.23,0.592,0.538,1.094,1.038,1.594c0.5,0.5,1.002,0.808,1.594,1.038 c0.572,0.222,1.227,0.375,2.185,0.418C9.249,20.99,9.556,21,12,21s2.751-0.01,3.711-0.054c0.958-0.044,1.612-0.196,2.185-0.418 c0.592-0.23,1.094-0.538,1.594-1.038c0.5-0.5,0.808-1.002,1.038-1.594c0.222-0.572,0.375-1.227,0.418-2.185 C20.99,14.751,21,14.444,21,12s-0.01-2.751-0.054-3.711c-0.044-0.958-0.196-1.612-0.418-2.185c-0.23-0.592-0.538-1.094-1.038-1.594 c-0.5-0.5-1.002-0.808-1.594-1.038c-0.572-0.222-1.227-0.375-2.185-0.418C14.751,3.01,14.444,3,12,3L12,3z M12,7.378 c-2.552,0-4.622,2.069-4.622,4.622S9.448,16.622,12,16.622s4.622-2.069,4.622-4.622S14.552,7.378,12,7.378z M12,15 c-1.657,0-3-1.343-3-3s1.343-3,3-3s3,1.343,3,3S13.657,15,12,15z M16.804,6.116c-0.596,0-1.08,0.484-1.08,1.08 s0.484,1.08,1.08,1.08c0.596,0,1.08-0.484,1.08-1.08S17.401,6.116,16.804,6.116z\"><\/path><\/svg><span class=\"wp-block-social-link-label screen-reader-text\">Instagram<\/span><\/a><\/li>\n\n<li class=\"wp-social-link wp-social-link-tiktok wp-block-social-link\"><a href=\"https:\/\/www.tiktok.com\/@lapangee.asso\" class=\"wp-block-social-link-anchor\"><svg width=\"24\" height=\"24\" viewBox=\"0 0 32 32\" version=\"1.1\" xmlns=\"http:\/\/www.w3.org\/2000\/svg\" aria-hidden=\"true\" focusable=\"false\"><path d=\"M16.708 0.027c1.745-0.027 3.48-0.011 5.213-0.027 0.105 2.041 0.839 4.12 2.333 5.563 1.491 1.479 3.6 2.156 5.652 2.385v5.369c-1.923-0.063-3.855-0.463-5.6-1.291-0.76-0.344-1.468-0.787-2.161-1.24-0.009 3.896 0.016 7.787-0.025 11.667-0.104 1.864-0.719 3.719-1.803 5.255-1.744 2.557-4.771 4.224-7.88 4.276-1.907 0.109-3.812-0.411-5.437-1.369-2.693-1.588-4.588-4.495-4.864-7.615-0.032-0.667-0.043-1.333-0.016-1.984 0.24-2.537 1.495-4.964 3.443-6.615 2.208-1.923 5.301-2.839 8.197-2.297 0.027 1.975-0.052 3.948-0.052 5.923-1.323-0.428-2.869-0.308-4.025 0.495-0.844 0.547-1.485 1.385-1.819 2.333-0.276 0.676-0.197 1.427-0.181 2.145 0.317 2.188 2.421 4.027 4.667 3.828 1.489-0.016 2.916-0.88 3.692-2.145 0.251-0.443 0.532-0.896 0.547-1.417 0.131-2.385 0.079-4.76 0.095-7.145 0.011-5.375-0.016-10.735 0.025-16.093z\" \/><\/svg><span class=\"wp-block-social-link-label screen-reader-text\">TikTok<\/span><\/a><\/li>\n\n<li class=\"wp-social-link wp-social-link-spotify wp-block-social-link\"><a href=\"https:\/\/open.spotify.com\/user\/31fejp2dscoqx3232ek23pcz23ku?si=5a0d670d58c14b1e\" class=\"wp-block-social-link-anchor\"><svg width=\"24\" height=\"24\" viewBox=\"0 0 24 24\" version=\"1.1\" xmlns=\"http:\/\/www.w3.org\/2000\/svg\" aria-hidden=\"true\" focusable=\"false\"><path d=\"M12,2C6.477,2,2,6.477,2,12c0,5.523,4.477,10,10,10c5.523,0,10-4.477,10-10C22,6.477,17.523,2,12,2 M16.586,16.424 c-0.18,0.295-0.563,0.387-0.857,0.207c-2.348-1.435-5.304-1.76-8.785-0.964c-0.335,0.077-0.67-0.133-0.746-0.469 c-0.077-0.335,0.132-0.67,0.469-0.746c3.809-0.871,7.077-0.496,9.713,1.115C16.673,15.746,16.766,16.13,16.586,16.424 M17.81,13.7 c-0.226,0.367-0.706,0.482-1.072,0.257c-2.687-1.652-6.785-2.131-9.965-1.166C6.36,12.917,5.925,12.684,5.8,12.273 C5.675,11.86,5.908,11.425,6.32,11.3c3.632-1.102,8.147-0.568,11.234,1.328C17.92,12.854,18.035,13.335,17.81,13.7 M17.915,10.865 c-3.223-1.914-8.54-2.09-11.618-1.156C5.804,9.859,5.281,9.58,5.131,9.086C4.982,8.591,5.26,8.069,5.755,7.919 c3.532-1.072,9.404-0.865,13.115,1.338c0.445,0.264,0.59,0.838,0.327,1.282C18.933,10.983,18.359,11.129,17.915,10.865\"><\/path><\/svg><span class=\"wp-block-social-link-label screen-reader-text\">Spotify<\/span><\/a><\/li>\n\n<li class=\"wp-social-link wp-social-link-mail wp-block-social-link\"><a href=\"mailto:lapangee.asso@gmail.com\" class=\"wp-block-social-link-anchor\"><svg width=\"24\" height=\"24\" viewBox=\"0 0 24 24\" version=\"1.1\" xmlns=\"http:\/\/www.w3.org\/2000\/svg\" aria-hidden=\"true\" focusable=\"false\"><path d=\"M20,4H4C2.895,4,2,4.895,2,6v12c0,1.105,0.895,2,2,2h16c1.105,0,2-0.895,2-2V6C22,4.895,21.105,4,20,4z M20,8.236l-8,4.882 L4,8.236V6h16V8.236z\"><\/path><\/svg><span class=\"wp-block-social-link-label screen-reader-text\">Mail<\/span><\/a><\/li><\/ul>\n<\/div>\n\n\n\n<div class=\"wp-block-column is-layout-flow\">\n<div class=\"wp-block-buttons is-content-justification-center is-layout-flex wp-container-8\">\n<div class=\"wp-block-button\"><a class=\"wp-block-button__link wp-element-button\" href=\"https:\/\/www.helloasso.com\/associations\/collectif-la-pangee\/adhesions\/adhesion-a-la-pangee\" target=\"_blank\" rel=\"noreferrer noopener\">ENVIE DE NOUS SOUTENIR ?<\/a><\/div>\n<\/div>\n<\/div>\n<\/div>\n","protected":false},"excerpt":{"rendered":"<p>Le manifeste-po\u00e9tique de la Pang\u00e9e Ressource centrale \u00e9voquant les valeurs port\u00e9es par la Pang\u00e9e, ce manifeste-po\u00e9tique r\u00e9sume le chemin suivi par l&rsquo;association pour mettre en place ses projets. Il est pr\u00e9sent\u00e9 comme pr\u00e9ambule \u00e0 chaque engagement, chaque collaboration, chaque partenariat. Il a \u00e9t\u00e9 \u00e9crit par notre Tribu pour former un socle commun qui permette d&rsquo;avancer. [&hellip;]<\/p>\n","protected":false},"author":1,"featured_media":0,"parent":0,"menu_order":0,"comment_status":"closed","ping_status":"closed","template":"","meta":[],"_links":{"self":[{"href":"https:\/\/associationlapangee.org\/index.php\/wp-json\/wp\/v2\/pages\/13"}],"collection":[{"href":"https:\/\/associationlapangee.org\/index.php\/wp-json\/wp\/v2\/pages"}],"about":[{"href":"https:\/\/associationlapangee.org\/index.php\/wp-json\/wp\/v2\/types\/page"}],"author":[{"embeddable":true,"href":"https:\/\/associationlapangee.org\/index.php\/wp-json\/wp\/v2\/users\/1"}],"replies":[{"embeddable":true,"href":"https:\/\/associationlapangee.org\/index.php\/wp-json\/wp\/v2\/comments?post=13"}],"version-history":[{"count":27,"href":"https:\/\/associationlapangee.org\/index.php\/wp-json\/wp\/v2\/pages\/13\/revisions"}],"predecessor-version":[{"id":916,"href":"https:\/\/associationlapangee.org\/index.php\/wp-json\/wp\/v2\/pages\/13\/revisions\/916"}],"wp:attachment":[{"href":"https:\/\/associationlapangee.org\/index.php\/wp-json\/wp\/v2\/media?parent=13"}],"curies":[{"name":"wp","href":"https:\/\/api.w.org\/{rel}","templated":true}]}}